ime?
False
Is 37508383 a prime number?
False
Is 39300535 a composite number?
True
Is 204794243 prime?
True
Is 22444193 composite?
True
Is 1220099 a prime number?
True
Is 90850507 a composite number?
True
Is 36737 a composite number?
True
Is 130180901 composite?
False
Is 1551673 a prime number?
False
Is 96941353 prime?
True
Is 153586162 composite?
True
Is 34150079 a composite number?
False
Is 18841019 composite?
False
Is 2093605 prime?
False
Is 86496229 a prime number?
False
Is 11645393 prime?
False
Is 111447301 a prime number?
False
Is 2989999 a composite number?
True
Is 1345343 prime?
True
Is 312783181 a prime number?
True
Is 10144747 a prime number?
True
Is 431569 prime?
False
Is 935594401 composite?
True
Is 215011 composite?
True
Is 144032206 a composite number?
True
Is 7026011 prime?
False
Is 13766957 prime?
False
Is 70817 a prime number?
False
Is 86252777 a prime number?
False
Is 34866569 a composite number?
False
Is 720019 a composite number?
False
Is 11665561 prime?
True
Is 114229727 a composite number?
False
Is 14111437 prime?
False
Is 15212777 a composite number?
False
Is 1985167 composite?
False
Is 119781001 a prime number?
True
Is 4937311 a prime number?
False
Is 10122677 composite?
False
Is 7366453 a composite number?
False
Is 7183837 prime?
True
Is 600521 a composite number?
True
Is 80637287 prime?
False
Is 170587043 a prime number?
False
Is 4546649 prime?
False
Is 361826191 a prime number?
False
Is 1322303 prime?
True
Is 22488863 prime?
True
Is 13330867 a prime number?
False
Is 19341263 prime?
False
Is 178100303 a composite number?
True
Is 882017 a prime number?
True
Is 2749343 prime?
True
Is 246626277 a prime number?
False
Is 40117087 a prime number?
False
Is 21447227 a prime number?
False
Is 72990037 prime?
True
Is 806235791 prime?
False
Is 90371614 a composite number?
True
Is 1016879 a composite number?
False
Is 3077203 a composite number?
False
Is 2580883 composite?
True
Is 2188729 a composite number?
False
Is 4276493 composite?
True
Is 148995326 a composite number?
True
Is 5555177 a composite number?
False
Is 261817 composite?
True
Is 18490471 a composite number?
False
Is 62472607 a composite number?
False
Is 40693271 composite?
False
Is 251498381 a composite number?
True
Is 103769 a prime number?
True
Is 17720279 prime?
True
Is 467663 composite?
True
Is 5964041 composite?
False
Is 54603611 a prime number?
False
Is 250740415 prime?
False
Is 148976089 a prime number?
True
Is 80668963 a prime number?
True
Is 13821397 a composite number?
True
Is 308624021 a prime number?
True
Is 14726407 prime?
False
Is 193539601 prime?
True
Is 49517017 prime?
False
Is 2307271 a composite number?
True
Is 4749863 a composite number?
True
Is 61030589 composite?
False
Is 13237306 a composite number?
True
Is 52840113 a composite number?
True
Is 1233418873 a composite number?
False
Is 11341 composite?
True
Is 29912615 a composite number?
True
Is 121713049 prime?
True
Is 47098859 a prime number?
True
Is 34637851 prime?
True
Is 7487609 a composite number?
True
Is 44007683 prime?
True
Is 2193061 a composite number?
True
Is 151476397 prime?
True
Is 37453217 prime?
True
Is 56484381 a prime number?
False
Is 92005 composite?
True
Is 164077253 composite?
False
Is 887189 a prime number?
False
Is 312112987 composite?
False
Is 181178867 prime?
True
Is 36704569 a prime number?
False
Is 5286739 prime?
True
Is 3401911 a prime number?
False
Is 6518189 prime?
False
Is 4451849 composite?
False
Is 104881 a composite number?
True
Is 4246433 a composite number?
False
Is 238072423 a composite number?
False
Is 28361713 a prime number?
False
Is 192953 a composite number?
True
Is 162036353 a composite number?
True
Is 7211839 prime?
True
Is 2820973 prime?
False
Is 654389 prime?
False
Is 4310387 composite?
False
Is 55547 a composite number?
False
Is 42043 a composite number?
False
Is 4224839 prime?
True
Is 1117859 composite?
True
Is 58200613 composite?
False
Is 51612131 a prime number?
False
Is 495269 a composite number?
False
Is 162400687 prime?
True
Is 24832259 composite?
True
Is 15744199 prime?
True
Is 136634999 a prime number?
False
Is 81776263 composite?
True
Is 117768823 a prime number?
True
Is 110293 composite?
True
Is 1270628227 prime?
False
Is 23534857 a composite number?
False
Is 23249129 prime?
True
Is 18358741 a composite number?
False
Is 151451 a prime number?
True
Is 14803843 composite?
False
Is 1099666 composite?
True
Is 23455821 prime?
False
Is 300888023 composite?
True
Is 5098411 a prime number?
False
Is 255138055 a composite number?
True
Is 2338621 a prime number?
False
Is 4620379 prime?
False
Is 95021657 composite?
True
Is 469757 a composite number?
False
Is 1227101 prime?
True
Is 12736601 a composite number?
False
Is 19250323 prime?
False
Is 3140959 a prime number?
True
Is 4570679 prime?
True
Is 6949073 a prime number?
False
Is 3702623 composite?
False
Is 879329593 a prime number?
True
Is 2908813 composite?
True
Is 24834443 a prime number?
False
Is 14471389 prime?
False
Is 16401283 a composite number?
False
Is 9868291 a composite number?
False
Is 110281609 prime?
True
Is 43247147 prime?
False
Is 491339263 a prime number?
True
Is 25761647 a prime number?
False
Is 105521 a composite number?
True
Is 21151181 prime?
False
Is 264689479 a composite number?
False
Is 7064905 composite?
True
Is 23303543 a prime number?
True
Is 32905 composite?
True
Is 2743691 a prime number?
True
Is 16995073 composite?
True
Is 566850139 a prime number?
False
Is 363940073 prime?
False
Is 911291 a composite number?
False
Is 82181129 prime?
True
Is 1280101 a composite number?
False
Is 43854653 a prime number?
False
Is 43915237 composite?
False
Is 121156921 a prime number?
True
Is 110734243 a prime number?
False
Is 15436453 composite?
True
Is 1619095 a prime number?
False
Is 17882 prime?
False
Is 11284223 a composite number?
True
Is 57549517 prime?
False
Is 16093547 a prime number?
True
Is 25513001 a prime number?
True
Is 429317731 a prime number?
True
Is 150256839 a composite number?
True
Is 400574501 composite?
False
Is 190759969 composite?
True
Is 1556747 a prime number?
True
Is 142047377 composite?
False
Is 88227743 prime?
True
Is 167201203 a prime number?
False
Is 168901181 a composite number?
True
Is 550976399 a prime number?
True
Is 6716137 a composite number?
False
Is 27723121 prime?
False
Is 2366831 a composite number?
False
Is 2482651 prime?
True
Is 16396927 composite?
False
Is 72564887 a prime number?
True
Is 1618739 a composite number?
False
Is 58927289 prime?
True
Is 264041837 a composite number?
True
Is 4920437 composite?
False
Is 443687 a composite number?
False
Is 1680013 prime?
True
Is 46502473 a prime number?
True
Is 925339 composite?
False
Is 122093 a composite number?
True
Is 821963 a composite number?
True
Is 123724841 a composite number?
False
Is 7200317 a prime number?
True
Is 87601123 composite?
True
Is 20614507 a composite number?
True
Is 46095911 composite?
True
Is 7082519 composite?
False
Is 111244961 composite?
False
Is 20057133 composite?
True
Is 1078559 a prime number?
True
Is 93729271 prime?
True
Is 3178367 prime?
True
Is 2053603 composite?
False
Is 391203695 a composite number?
True
Is 80829449 prime?
True
Is 1960481 prime?
True
Is 14480951 composite?
True
Is 71700791 a composite number?
True
Is 59999431 prime?
True
Is 7481935 prime?
False
Is 360181603 a composite number?
True
Is 421513 composite?
True
Is 6965573 composite?
True
Is 28333607 composite?
True
Is 190241 prime?
False
Is 1033001 a composite number?
False
Is 181284391 prime?
True
Is 43229887 composite?
False
Is 188900246 prime?
False
Is 49807183 a composite number?
True
Is 435783077 a composite number?
True
Is 37113019 a prime number?
False
Is 11799979 composite?
False
Is 149747659 a composite number?
False
Is 212651 a prime number?
True
Is 259495945 a composite number?
True
Is 49241389 a composite number?
False
Is 24906977 a composite number?
False
Is 131048861 composite?
False
Is 282623981 composite?
False
Is 10784939 a composite number?
True
Is 10891079 a composite number?
False
Is 230431759 a composite number?
True
Is 515063369 composite?
True
Is 72089641 composite?
True
Is 514069981 a prime number?
False
Is 210718267 prime?
False
Is 4248253 a composite number?
False
Is 21271787 prime